Calculate the remainder when x is divided by 26.
22
Let m(u) = -171*u - 27694. Let s = 0 + 1. Calculate the remainder when ((-30)/(-7))/(s/7) is divided by m(-162).
6
Let u(b) be the third derivative of -b**5/20 + b**4/12 + 47*b**3/6 - 40*b**2. Let a be u(-11). Calculate the remainder when 61 is divided by (-4)/6 + a/(-39).
5
Let m = -48 - -45. Let p be (m - -8)*2/2. Suppose -3*o - 3*z + 216 = o, 0 = p*o + 4*z - 270. What is the remainder when o is divided by 14?
12
Suppose -4*q + 4*r + 40 = -8, 5*r - 30 = -4*q. Calculate the remainder when 4609 is divided by q.
9
Calculate the remainder when ((-34305)/(-25) - 19) + 4/5 is divided by 39.
28
Suppose -5*q = -0*q - 5*h - 5805, -3*h = q - 1145. What is the remainder when q is divided by 398?
361
Let k = -40 - -63. Let o = -1 + k. Suppose -10*d - 137 + 557 = 0. Calculate the remainder when d is divided by o.
20
Let j be 3 + (18*10 - 3). Suppose 5*i = i + j. Let n = -270 + 293. Calculate the remainder when i is divided by n.
22
Let q(f) = -14*f - 3. Let v = 73 - 66. What is the remainder when q(-1) is divided by v?
4
Suppose 8*o - 2*o + 150 = 0. Let q be ((o/3)/5)/((-1)/6). Suppose 22 = n + q. Calculate the remainder when 93 is divided by n.
9
Let f(l) = l**3 + l**2 - 20*l + 3. Let s be f(-7). Let b = 285 + s. Calculate the remainder when b is divided by 29.
18
Suppose d - 23 = -4*o, -2*o = -5 - 5. Suppose -m - d = -2*w - 7, 0 = -m + 4*w + 6. Suppose 0 = -m*s + 8*s - 288. What is the remainder when s is divided by 27?
21
Let n be 4 + (-25)/5 + 6. Suppose n*y = -0*y + 285. Suppose 0 = -2*r - 9 + 29. What is the remainder when y is divided by r?
7
Let h be (-4)/22 + 20/110. Suppose h = 3*s + 2*s + 4*b - 242, 4*s - 199 = -5*b. Calculate the remainder when 273 is divided by s.
43
Let a(h) = h - 7. Let f be a(7). Suppose 4*w + y + 4*y - 308 = f, 4*y + 385 = 5*w. Let q = w - -48. Calculate the remainder when q is divided by 16.
13
Let q be -1*((-18)/(-171) + (-42)/38). Calculate the remainder when 15 is divided by 1 + 3 + (q - -3) + -7.
0
Let f(i) = i**2 + 5*i + 8. Let d(s) = s**3 - 36*s**2 + 8*s - 284. What is the remainder when f(-6) is divided by d(36)?
2
Let d = -28 + 33. Suppose d*g + 57 = 3*b, 4*b - 6*g = -g + 71. Let y(m) = -4*m. What is the remainder when b is divided by y(-2)?
6
Let q(k) be the first derivative of k**3/3 + k**2 - 8*k + 11. Let w be q(2). Let o(c) = -c**2 - 3*c + 19. Calculate the remainder when 36 is divided by o(w).
17
Suppose -6*q - 15 = -q. What is the remainder when ((-4 - -3) + -1)/(84/(-1050)) is divided by q/5 - (-114)/15?
4
Let q(l) = 2*l**2 - 8*l - 306. What is the remainder when 5373 is divided by q(-11)?
21
What is the remainder when 8452 is divided by (2 + (-5 - -2))*89/(2 - 3)?
86
Let u = -36 - -232. Let f = u + -150. What is the remainder when f is divided by 25?
21
Suppose -32 = -2*o + 4*q, -5 - 57 = -3*o + 4*q. Calculate the remainder when 194 is divided by o.
14
What is the remainder when 15/(-12)*4 - -93 is divided by 49?
39
Let t = 59595 + -37037. What is the remainder when t is divided by 12?
10
Let r(m) = 5*m**2 - 54*m + 101. Calculate the remainder when 775 is divided by r(10).
43
Let o(m) = 3*m - 1. Suppose n - 8*x + 11 = -4*x, -2*n - x + 14 = 0. Calculate the remainder when 748/n - 4/(-10) is divided by o(6).
14
Calculate the remainder when 619 is divided by (13 - (-1121)/95)/((-4)/(-10)).
61
Suppose 2*u = -8*o + 11128 + 8062, 9 = 3*u. What is the remainder when o is divided by 69?
52
Calculate the remainder when 91 + (-8)/(-16)*4/(-1) is divided by ((-20)/25)/(1*2/(-65)).
11
Calculate the remainder when 643 is divided by (5 + -23)*(6/15 - (-517)/(-55)).
157
Let u = -4092 + 4168. What is the remainder when u is divided by 69?
7
Suppose 0 = z, 3*b + 1 - 3 = -z + 31. Calculate the remainder when 299 is divided by b.
2
Let u(w) = 3*w**3 + 2*w - 1. Let k be (-191007)/(-437) + 213/(-69) + 3. Let h = 447 - k. Calculate the remainder when u(2) is divided by h.
7
Let r = 1100 - 944. Let j(u) = -7*u - 31. Calculate the remainder when r is divided by j(-9).
28
Let j(k) = -8*k - 40. Let o be j(-14). Suppose 3*q - 6 = 0, q - o - 224 = -3*h. What is the remainder when h is divided by 11?
10
Suppose -o = i + 4*i + 104, -3*i = 5*o + 608. What is the remainder when 309 is divided by 0 - (o/8)/((-4)/(-8))?
30
Let x = -1068 + 2009. Calculate the remainder when x is divided by 8.
5
Let n = 101 - 98. Suppose 8*q - 54 = 6*q. Suppose -n*i + q = -21. What is the remainder when 62 is divided by i?
14
Let z(u) = u**2 + 3*u. Let k be z(-4). Suppose -k*y + 3*q + 34 = 0, 5*y - q = -29 + 77. Calculate the remainder when 35 is divided by y.
5
Suppose -78*y - 9275 = -103*y. Calculate the remainder when y is divided by 11.
8
Let k = 9526 - 9049. Calculate the remainder when k is divided by 12.
9
Calculate the remainder when 6/11 - (-366112)/748 is divided by 82.
80
Let v(j) = 159*j - 155. Calculate the remainder when v(4) is divided by 225.
31
Let k = 12 + -4. Suppose -10 = d + 6*b, 0 = 45*d - 47*d + 3*b + 10. Calculate the remainder when k is divided by d.
0
Calculate the remainder when (-14)/217 - (-2 + (-79178)/62) is divided by 128.
127
Let g(j) = j**3 + 8*j**2 - 2*j - 4. Let y be 16/56 - 116/14. Let b be g(y). What is the remainder when 56*(21/b - 1) is divided by 23?
19
Suppose -368 = -u - 2*k, 11*u + 5*k - 1481 = 7*u. Suppose -2*r = 9*r - u. What is the remainder when r is divided by 3?
1
Let v(p) be the first derivative of -9*p**2/2 + 2*p - 33. What is the remainder when v(-3) is divided by 8?
5
Suppose 2*q = -5*i - 0*i - 1158, 3*i - 5*q + 670 = 0. Let a = i + 280. Let s(z) = 14*z - 1. What is the remainder when a is divided by s(1)?
11
Let w = -117 + 123. Let g be w*((-1)/1)/((-10)/(-5)). Calculate the remainder when (1/1 + g)/((-5)/95) is divided by 10.
8
Suppose 2*w - 5*w = 3. Let z be ((-679)/21)/((-2)/(-6))*w. Suppose -3*b = -z - 59. Calculate the remainder when b is divided by 16.
4
What is the remainder when 33 is divided by (((-5780)/60)/17)/(2/(-6))?
16
Let a be 3 + -6 + 12 + 286. Suppose 0 = -2*w - 5*n + a + 598, 3*w = -n + 1372. What is the remainder when w is divided by 11?
8
Let h = 1511 - 1469. Calculate the remainder when 172 is divided by h.
4
Suppose 292 = 4*o - 0*o + 5*k, -4*k - 52 = -o. Suppose -5*x - m + 518 = 0, 2*x - m - 202 = 8. Let a = x - o. What is the remainder when a is divided by 13?
10
Let r = 0 + 255. Let s = 262 - r. What is the remainder when 53 is divided by s?
4
What is the remainder when 1846 is divided by (-33)/((-12)/(-48)*-1)?
130
Let n = -597 + 942. Suppose 4*k - n = 5*a, -k + 0*a - 3*a = -99. Calculate the remainder when k is divided by 23/2*(1 - -1).
21
Suppose 15*y - 160 = 7*y. Suppose 0 = 18*x - 694 - 1412. Calculate the remainder when x is divided by y.
17
Let k = -3250 + 3582. Calculate the remainder when 1335 is divided by k.
7
Let z be ((-244)/8)/((-3)/(-12)). Let c = 24 - z. Calculate the remainder when c is divided by ((-4608)/(-126) - 6/(-14))*1.
35
Suppose -4*t - 427 = 605. Let w = t + 371. What is the remainder when w is divided by 38?
37
Let r = -80 + 94. Suppose -8*o + r*o - 378 = 0. Calculate the remainder when o is divided by 4.
3
Let v be (-31 - -32)/(2/(-2))*-62. Suppose -3*c - 9*z + 5*z = -v, 2*z = -4*c + 66. What is the remainder when 41 is divided by c?
13
Calculate the remainder when 1221610/585 - ((-2)/(-9) + 0/7) is divided by 22.
20
Let j = -8 + 6. Let z = j - -3. Suppose 16*k - 198*k + 144 = -220. What is the remainder when k is divided by z?
0
Let b be (-88)/4 + (4 - 5). Let i = -20 - b. Suppose -4*c - i*z + 62 = 0, 6 = -5*z - 4. Calculate the remainder when 33 is divided by c.
16
Let s(c) = 16*c - 361. Let z be s(22). Let m(n) = 20*n - 3. Calculate the remainder when (-10)/4 + ((-13410)/20)/z is divided by m(2).
35
Let w(d) = d**3 - d**2 - 4*d + 1. Let l be ((-3)/2)/(((-2)/440)/1). Let h = -267 + l. What is the remainder when h is divided by w(4)?
30
Let m(r) = 537*r - 4. Let c(h) = -358*h + 2. Let o(f) = 7*c(f) + 5*m(f). What is the remainder when o(1) is divided by 29?
28
Suppose 34*b - 72 = 4904 + 17872. Calculate the remainder when b is divided by 139.
116
Suppose 0 = -13*j - 106 + 3486. What is the remainder when j/312 + (-458)/(-12) is divided by 26?
13
Let d(y) = 45*y - 1. Let h be d(-1). Let m be h/